1*g. What is the remainder when u is divided by ((-1344)/(-18))/(-8)*(-15)/2?
62
Suppose -167*g = -183*g + 2224. What is the remainder when 152 is divided by g?
13
Let y(f) = -f**3 + 39*f**2 + 381*f - 220. Calculate the remainder when 35098 is divided by y(47).
13
Let s = 60 - -172. Suppose -3*x - 120 = 25*r - 28*r, r - 2*x = 40. What is the remainder when s is divided by r?
32
What is the remainder when 421 is divided by 2431/143*2/(2 + 0)?
13
What is the remainder when (3 + 4)*17440/112 is divided by 84?
82
Let i be (4 + -76)/3 - (2 + -2). Let y = i - -26. Suppose 4*n = -2*v + 52, 42 = y*n - 4*v + v. What is the remainder when n is divided by 10?
5
Let r = -63 - -34. Let a = 34 + r. Suppose -h = -3, -a*m + h = 4 - 41. What is the remainder when m is divided by 5?
3
Let u = -15076 - -22167. What is the remainder when u is divided by 36?
35
Let r be (-45)/(-6)*64/8. Suppose -59*z = -62*z + r. Calculate the remainder when 74 is divided by z.
14
Suppose -10*x = -103 - 27. Suppose x*k - 26 = 39. What is the remainder when 24 is divided by k?
4
Suppose 7*t - 283 - 4 = 0. What is the remainder when 530 is divided by t?
38
Let l(w) = 53*w**2 - 419*w. Calculate the remainder when l(10) is divided by 157.
11
Let o(j) = 18*j - 15. Let d be o(11). Suppose 6*l - 3*l - d = 0. Calculate the remainder when l is divided by 4 + 4 + -1 + 2.
7
Let v = 276 + -266. Suppose 11*a + v = 54. What is the remainder when 29 is divided by a?
1
Suppose 0 = -39*z + 3*z - 13*z + 1617. What is the remainder when 180 is divided by z?
15
Suppose -6*q - 49948 + 50554 = 0. Calculate the remainder when 193 is divided by q.
92
Let y = 4930 - 4882. What is the remainder when 1580 is divided by y?
44
Let u(z) = 42*z**3 + 9*z**2 - 8*z - 16. What is the remainder when u(2) is divided by 3?
1
What is the remainder when 810 is divided by 203 + (-2 - (-5)/2)/((-102)/612)?
10
Let g(s) = -4*s + 47. Let u be g(-13). Suppose -6*v + u = -3*v. Suppose 0 = o + 5*r - v, 4*r + 180 = o + 3*o. What is the remainder when 169 is divided by o?
40
Suppose 0 = -2*b - 6, 0 = 2*k + 4*b - 27 - 51. Let d = k + -21. What is the remainder when 189 is divided by d?
21
Suppose -4433 = 2*y + w - 15223, 5*w = -3*y + 16192. What is the remainder when y is divided by 71?
69
Suppose -903 = y - 851. Let o = 93 + y. Let t = 423 - 260. Calculate the remainder when t is divided by o.
40
Suppose -33489 = -3*d + 53*k - 50*k, -11155 = -d + 3*k. What is the remainder when d is divided by 76?
71
Let b = -5163 - -9066. What is the remainder when b is divided by 71?
69
Suppose 3*t = l - 1396, -l + 38*t = 39*t - 1404. What is the remainder when l is divided by 67?
62
Let g = 22766 + -22348. What is the remainder when g is divided by 43?
31
Let f = -17986 - -18006. Calculate the remainder when 14197 is divided by f.
17
Let y = -301 - -326. Let k = 14 - 14. Suppose -2*d - y + 57 = k. What is the remainder when d is divided by 8?
0
Let k(b) = 2*b - 1. Let i(c) = 44*c + 16. Let l(w) = -3*i(w) - 3*k(w). What is the remainder when l(-2) is divided by 79?
73
Let s(n) = n**3 - 3*n**2 - 6*n + 13. Let u be s(5). Let x(t) = t**2 + 5*t - 5. What is the remainder when u*1*3*(-25)/(-45) is divided by x(3)?
17
Suppose 86 = 6*l - 154. Suppose 38*g - l*g = -506. What is the remainder when g is divided by 16?
13
Let i = -209 + 310. Suppose -r + 5*z - 1089 = -1129, 37 = r - 2*z. What is the remainder when i is divided by r?
31
Let b(i) = -i - 1. Let u be b(-19). Let w(k) = 4*k**2 + 10*k - 34. Let y be w(u). Suppose r = 15*r - y. Calculate the remainder when r is divided by 35.
33
Let m = 29 - -6. Let s = -16 - -28. Calculate the remainder when ((-36)/(-30))/((2/m)/1) is divided by s.
9
Suppose -3*t - 5*n = -944 - 1998, 0 = -4*t - 4*n + 3944. What is the remainder when t is divided by 365?
264
Suppose -4429 = -4*d - 0*s - s, -2*d - 2*s + 2222 = 0. Let g = d + -784. What is the remainder when g is divided by 65?
62
Let z = 14755 + -13793. Calculate the remainder when z is divided by 175.
87
Let h be 4/(-24) - (-435)/18. Let i = h + -12. Calculate the remainder when 34 is divided by i.
10
Let t = 117 - 104. Let u(v) = 2*v**3 - 27*v**2 + 14*v - 15. Let g be u(t). What is the remainder when (-302)/((3/g)/(24/32)) is divided by 39?
34
Let u(j) = 12*j + 22. Let t(y) = 13*y + 23. Let b(k) = 4*t(k) - 5*u(k). Let x be b(8). Calculate the remainder when x/4*(-3 + 1) is divided by 22.
19
Let s(l) = -2*l**2 + 139*l - 666. What is the remainder when s(64) is divided by 16?
6
Suppose d + 30 - 130 = 0. Calculate the remainder when 36 is divided by (-5)/(d/135)*-4.
9
Let b be ((-642)/5)/(2/(-5)). Let f = b + -240. What is the remainder when f is divided by 17?
13
Suppose -26 = -12*o + 997 - 15. What is the remainder when o is divided by (-18)/(-45) - 166/(-10)?
16
Suppose -48*a - 229 = -517. Calculate the remainder when -2 - -1 - 1*-15 is divided by a.
2
Suppose -69*y + 74*y + 4*r = 1426, 4*y - r = 1103. What is the remainder when y is divided by 18?
8
Let r = 31 - 25. Suppose 2*l + r - 8 = 0. What is the remainder when 71 is divided by l/(-2) - (-588)/24?
23
Let w(x) = x + 22. Let n be w(-17). Suppose 4*b + 32 = -3*j, 2*j = -0*j - n*b - 26. Calculate the remainder when 30 is divided by (-86)/j + (-1)/(-4).
8
Suppose 50*f - 72 = 46*f. Let w(r) = 7*r - 66. Calculate the remainder when w(f) is divided by 31.
29
Suppose 0 = k + 5*c - 39, 62*k - 65*k + 65 = 2*c. Let d(y) = -153*y - 65. What is the remainder when d(-2) is divided by k?
13
Let y(o) = 30*o**2 + 21*o**3 - 20*o**3 - 34*o**2 - 12 - 6 - 8*o. What is the remainder when y(8) is divided by 45?
39
Let y(r) = r**3 + 26*r**2 + 34*r - 16. Let d be y(-23). Suppose -d = -3*k + 4*t + t, 0 = -3*k - 4*t + 789. Calculate the remainder when k is divided by 53.
51
Let o be -2 + 5 + -6 + 148 + 2. Suppose -41 = -4*h + o. Calculate the remainder when h is divided by 10.
7
Let k(b) = -90*b - 9*b**2 + 45 + 31*b + 44*b - b**3. Calculate the remainder when 504 is divided by k(-8).
100
Suppose 3*r = t + 3210, 2140 = -18*r + 20*r - 3*t. What is the remainder when r is divided by 67?
65
Let v(c) be the first derivative of c**4/4 + 5*c**3/3 - 2*c**2 - 7*c - 47. Calculate the remainder when 115 is divided by v(-2).
11
Let d = 5 + 10. Let b(c) = -7*c + 115. Calculate the remainder when b(d) is divided by 4.
2
Let r(u) = -186*u**3 - 2*u - 1. Suppose 311*x - 19*x = 45*x + 11609. What is the remainder when r(-1) is divided by x?
46
Let q = -7 - -18. Suppose -4*a + 3 = -3*z + 2, -5*a + 2*z + 3 = 0. Calculate the remainder when (28/3 + a)/((-64)/(-192)) is divided by q.
9
Let q be 10/4*(20*7)/2. Let d = q - 115. Suppose -d = -4*b - 8*b. Calculate the remainder when b is divided by 3.
2
Let i(o) = -6*o + 95. Let b be i(25). Let f(z) = -20*z - 2. Let a be f(-5). Let d = b + a. Calculate the remainder when d is divided by 11.
10
Let m be 346/(-10) - 6/15. Let u = 60 + m. Calculate the remainder when u is divided by (-1 + 11 - 11)*-3*3.
7
Let p(x) = 1183*x**2 - 6*x + 1. Let g be p(1). Let m = g - 759. Calculate the remainder when m is divided by 84.
83
Suppose 25*s - 23718 + 20193 = 0. Calculate the remainder when 4370 is divided by s.
140
What is the remainder when 10329/12 - (-1)/4 is divided by 51?
45
Calculate the remainder when (-54)/(-4)*82388/774 is divided by 9.
6
Suppose -4*l = -3*x, 0 = 4*l - 2*x + 3*x - 16. Let j = l + 5. Suppose -1 = -255*k + 256*k, 96 = 5*o + 4*k. Calculate the remainder when o is divided by j.
4
Suppose -4*f + 49 = 5*k, -5*f - k = -0*k - 35. Suppose f*w = 3*w + 36. Let q = 27 - -32. Calculate the remainder when q is divided by w.
11
Let r(m) = 27*m + 1127. Suppose -5*z + 474 = -3*z. Calculate the remainder when z is divided by r(-41).
17
Let k(q) = q**3 + 37*q**2 - 837*q + 54. What is the remainder when k(23) is divided by 65?
63
Suppose -18*c - 18 = -27*c. Calculate the remainder when 99 is divided by c.
1
Suppose -17*u + 14643 = -4635. Suppose 0 = -15*f + 981 + u. Calculate the remainder when f is divided by 26.
11
Let w = -995 + 1004. What is the remainder when w is divided by 0 + 2 - (-1*3 + 2)?
0
Let l = -3858 + 3916. Calculate the remainder when 230 is divided by l.
56
Suppose 0*n = 2*n - 142. Let f = n - 33. Suppose 2*z = -4, 3*z + 106 = 5*a - 0*z. Calculate the remainder when f is divided by a.
18
Le